. Suppose 2*r + 3*l = 19, 3*r - 2*r - u = l. List the prime factors of r.
11
Let i = 595 - 324. List the prime factors of i.
271
Let z be (-4)/6*-12 + -2. List the prime factors of (-12)/(-8) - (-93)/z.
17
Let d(k) = 2*k**2 - 28*k - 3. List the prime factors of d(17).
3, 11
Let i = -16 - -23. List the prime factors of 0/(-2) + i + 1.
2
Let v(k) = -k**3 + 6*k**2 + 2*k - 7. Let g be v(6). Suppose -26 - 39 = -g*l. What are the prime factors of l?
13
Let g be -15*(6/(-15))/1. Let d = g - 3. What are the prime factors of d?
3
Suppose 0 = -5*j + 3*j + 3*c + 25, 26 = 4*j + 2*c. What are the prime factors of j?
2
What are the prime factors of (-3)/(-7) - 2/14*-263?
2, 19
Suppose 2*r = -3*r - 15. List the prime factors of r*(-1 + 16/(-6)).
11
List the prime factors of (-70)/(-28) + 1/(-2).
2
Let a be -5*(0 - (-6)/(-5)). Suppose v - 4*v + a = 0. Let o(n) = 3*n + 2. What are the prime factors of o(v)?
2
Suppose 4*l - 14 = -2*d, -3*d - 3*l + 24 - 6 = 0. Suppose 5*g - 30 = 5*u + 30, 4*g = d*u + 50. What are the prime factors of g?
2, 5
Suppose 2*c + 2504 = 10*c. What are the prime factors of c?
313
Suppose 128 = 4*u - 4. What are the prime factors of u?
3, 11
Let t(f) be the third derivative of -f**4/24 - f**3/3 + f**2. Suppose 2*x + 14 = -0*x. What are the prime factors of t(x)?
5
Suppose -7 = 2*p - 23. Let b(t) = -t**3 + 7*t**2 + 11*t - 5. List the prime factors of b(p).
19
Let b(a) = a**3 + 5*a**2 + 3*a + 4. Let g be b(-3). Let z = g + -3. List the prime factors of z.
2, 5
Suppose -d = -4*d - 33. Let c(g) be the second derivative of -g**3/2 - 7*g**2 + g. List the prime factors of c(d).
19
Let n be (-6)/(-15) - 18/(-5). Suppose n*o = 55 - 19. List the prime factors of o.
3
Let v = -47 + 92. Let o = -31 + v. List the prime factors of o.
2, 7
Suppose -4*y + 37 = -83. Suppose n + n - y = 0. List the prime factors of n.
3, 5
Let r(q) be the third derivative of q**5/60 + q**4/3 + 3*q**3/2 - 4*q**2. List the prime factors of r(-7).
2
Suppose 0 = -2*l + l. Suppose -4*x + 8 = -l*x. Suppose x*z + 2*z - 42 = -5*m, 0 = -2*m + 2*z + 24. What are the prime factors of m?
2, 5
What are the prime factors of 14/(-6)*(-30)/5?
2, 7
Let o = -245 - -443. List the prime factors of o.
2, 3, 11
Let g(t) = -4*t - 7. Let q be g(5). Let k be (-4)/(1/(q/6)). Let d = k - 9. What are the prime factors of d?
3
Suppose -3*u - j + 156 = 0, u - 4*u = -3*j - 168. List the prime factors of u.
53
Let k(f) = f**2 - 9*f - 1. Let x(s) = -s**3 - s**2 + s + 9. Let j be x(0). Let v be k(j). List the prime factors of 4 - (-3)/(-3)*v.
5
List the prime factors of (-10 - -3)*(375/(-21) + 1).
2, 59
Let m(x) = 13*x**2. Let r be m(-1). Let o = 23 - r. What are the prime factors of o?
2, 5
Let y be 14/(-4) + 3/(-6). What are the prime factors of 21/((y - -2) + 3)?
3, 7
Suppose -89 + 369 = 4*k. List the prime factors of k.
2, 5, 7
Let f(j) = -j**2 - 6*j - 2. Let i be f(-4). Let w be -3*(-14)/i*1. Let o = -2 + w. What are the prime factors of o?
5
Suppose 4*x = -2*r + 418, -x + 97 = 2*r - 0*r. What are the prime factors of x?
107
Let q(w) = -3*w**2 + 2*w + 17. Let o(r) = -r**2 + r + 6. Let i(t) = 8*o(t) - 3*q(t). What are the prime factors of i(3)?
2, 3
Let b(d) = 2*d - 17. Let k be b(10). Suppose -7*p = -k*p - 216. List the prime factors of p.
2, 3
Let z = -6 + 13. Let b = z + 2. What are the prime factors of b?
3
Let w = 7 - -188. What are the prime factors of w?
3, 5, 13
Let t = -38 - -15. Let u = t + 33. What are the prime factors of u?
2, 5
Let i = 1 + 2. Suppose -5*b = 5*z - 80, 0*b - i*b = -4*z - 20. What are the prime factors of b?
2, 3
Let g = -133 + 192. What are the prime factors of g?
59
Let r(d) = -d**2 - 5*d. Let i be r(-4). Let c = 45 + -13. Suppose 2*m - 4*z - c = 0, -5*m + z + i*z = -65. What are the prime factors of m?
2, 5
Let t = -5 + 17. What are the prime factors of 4/t + 150/9?
17
Let x(y) = y**3 + 5*y**2 - y. Suppose 0 = 5*r - 1 + 26. List the prime factors of x(r).
5
Suppose -5*k + 40 = -k. Let d = -4 + k. What are the prime factors of d?
2, 3
Suppose -k + 30 + 30 = 0. What are the prime factors of k?
2, 3, 5
Let n be 0 + 0 - 5*-58. What are the prime factors of n/26 + (-6)/39?
11
Suppose -5*g - 3*b = -2*g, 0 = -2*g + 3*b - 15. Let h be (-5)/((-15)/(-2))*g. Suppose 0 = -h*t + 15 + 5. What are the prime factors of t?
2, 5
Suppose 0*g - a - 86 = -2*g, -2*g + 90 = a. Let u = g + -26. List the prime factors of u.
2, 3
Let c(p) = -5*p - 19. What are the prime factors of c(-8)?
3, 7
Let l(h) = -h**3 - 9*h**2 - 9*h - 10. Let v be l(-8). What are the prime factors of (-4 - v)*-23*1?
2, 23
Let a(b) = -b + 9. Let j be a(6). Suppose -10 = j*w - 34. List the prime factors of 0 - w/(0 + -1).
2
Let p(b) = b + 22. Let o be p(0). Let d be (17 - 3)*(-3 + 2). Let k = o + d. List the prime factors of k.
2
Suppose 644 = 9*k - 472. List the prime factors of k.
2, 31
Let j = -272 + 426. List the prime factors of j.
2, 7, 11
Suppose -2*n - 3*g = -g + 18, -18 = 4*n - 5*g. Let c = 3 - n. List the prime factors of c.
2, 5
Let d(g) = 2*g**2 + 3*g + 4. Suppose 5*b = c + 5 - 24, 4*c = -b - 8. List the prime factors of d(b).
2, 3
Suppose 3*b = -3*p + 57, 4*p - p + 4*b = 54. What are the prime factors of p?
2, 11
Suppose 0 = q + q + 14. Let g(l) = -l**3 - 6*l**2 + 2*l - 8. What are the prime factors of g(q)?
3
Let g(j) = j**2 + 2*j + 2. Suppose 2*x + 0*x + 12 = 0. Let k be g(x). Suppose 5*l - 15 = 0, 4*h + l - 41 - k = 0. List the prime factors of h.
2
Suppose -4*m + 3*f + 0*f = 99, f = -3*m - 71. Let k(h) = -9*h**2 + 4*h + 3. Let n be k(-2). Let y = m - n. What are the prime factors of y?
17
Let q be 38/(-14) + 8/(-28). List the prime factors of (-20 - -2)*1/q.
2, 3
Let u = -8 + 8. What are the prime factors of (-2)/6*u + 19?
19
Let i be -2*(21/(-6))/(-7). Let j = 0 - -1. Let x = j - i. What are the prime factors of x?
2
Suppose 608 - 138 = 5*d. What are the prime factors of d?
2, 47
Suppose -8*j + 3*j + 890 = 0. What are the prime factors of j?
2, 89
Let n(y) = -y**3 + 14*y**2 + 14*y + 19. Suppose i + 8 = 23. What are the prime factors of n(i)?
2
Let k(n) = -n**2 - 4*n + 1. Let q be k(-2). Suppose 71 = 3*p + 4*c, p - 105 = -3*p + q*c. What are the prime factors of p?
5
Let i = -3 - -7. What are the prime factors of 44/6*6/i?
11
Let i = 527 - 308. List the prime factors of i.
3, 73
Let j(u) = -27*u - 54. What are the prime factors of j(-8)?
2, 3
Let n(s) = -2*s**2 + 2*s + 3. Let o be n(-2). Let l = -5 - o. Suppose 3*q - 5*r - 15 = q, -l*r - 19 = -3*q. List the prime factors of q.
5
Let x(g) = 6*g**2 - 2*g + 1. Let k be x(1). Suppose n - 15 = -0*n - 5*m, 45 = k*n - 5*m. What are the prime factors of n?
2, 5
Suppose -2*y + 189 = -9. What are the prime factors of y?
3, 11
Let n be 3 + -1 - 2 - -64. Suppose 0 = -3*x - x + n. What are the prime factors of x + 3/(6 + -3)?
17
Let f be (-4 + 6 + -2)*-1. Suppose f = -y - 2*y + 6. What are the prime factors of y?
2
What are the prime factors of (-1530)/(-24) + 3/(-4)?
3, 7
Let y(c) be the first derivative of -c**4/12 - 5*c**3/6 - c**2 - 2. Let g(i) be the second derivative of y(i). List the prime factors of g(-7).
3
Suppose 5*a = -2*o + 16 - 4, -2*o + a = -24. Let z = -6 + o. Suppose -5*b - 3*h = -15, -4*b = z*h - 6 - 6. List the prime factors of b.
3
Suppose -5*j + 10 = 4*c, 2*c - 2*j = -6 + 2. Suppose -2*u + 6*u + 3*k - 14 = 0, -2*u + 4*k - 4 = c. List the prime factors of u/(-6)*(1 + -13).
2
List the prime factors of ((-16760)/15)/(-8) + (-8)/(-6).
3, 47
Suppose 0 = 3*t - 5*t - 3*m - 1, 4*m - 8 = -5*t. Suppose -5 = -5*x, i + t*x + 5 = 21. List the prime factors of i.
2, 3
Suppose 10*f = -0*f + 1230. What are the prime factors of f?
3, 41
Let l(g) = g**2 + 2*g - 3. Let b be l(-3). Suppose -4*w + 42 = -3*h - 47, 2*h + 6 = b. What are the prime factors of w?
2, 5
Let u be (-3)/9 - (-340)/12. Let s = -13 + u. List the prime factors of s.
3, 5
Suppose -6*f - 18 = -234. List the prime factors of f.
2, 3
Let v = -84 - -149. What are the prime factors of v?
5, 13
Let s be (-2 - -12)*(-6)/3. List the prime factors of ((-112)/s)/(6/15).
2, 7
Suppose -2 = -h + 3. Suppose 8 = -q + h*q. What are the prime factors of q?
2
Let d(w) = -2*w**2 - 5*w + 1. Let a be d(-3). Let k be 13 + 2 + (-4)/1. Let r = k - a. List the prime factors of r.
13
Let v = -576 - -961. What are the prim